6 = -3*y. Suppose 0 = s*q - 12 - 9. Calculate l(q).
6
Let f = -146 + 204. Let k(d) = -17*d + f - 58. Calculate k(-1).
17
Let p(x) be the second derivative of -x**4/6 - x**3/3 + 3*x**2/2 - 441*x. Determine p(2).
-9
Let c(n) = -n + 4. Suppose -42*z + 160 = 706. Calculate c(z).
17
Let a = -4 + -4. Let k = a - -8. Let j(t) = 352*t**3 - 7 + 2*t**2 - 351*t**3 - 3*t**2. What is j(k)?
-7
Let z(w) = -3*w - 3. Let q(i) = -i**3 + 13*i**2 + 14*i - 4. Let g be q(14). What is z(g)?
9
Let l = 2 + 4. Suppose c - l = -4. Let s(d) = 6*d - 3. Determine s(c).
9
Let n(l) = -2*l**3 - 2*l**2 + 1. Let r be n(-1). Let s be (r + 1)/(1/(-5)). Let i = s + 8. Let t(a) = -7*a - 1. Give t(i).
13
Suppose -5 = 6*a - 17. Let z(b) = -9*b**2 + b**3 - 9 - b**2 - 4*b**a + 7*b**2 - 8*b. What is z(8)?
-9
Let u(l) = -14*l + 331. Let w be u(24). Let x(f) be the second derivative of f**3/3 + 2*f**2 + f. What is x(w)?
-6
Let c be ((-6)/(-4))/(18/24). Suppose 5*u = -7*l + c*l, -4*u = 16. Suppose -30 = l*h + h. Let k(o) = -o**2 - 3*o + 3. Calculate k(h).
-15
Suppose -6*w + 3*w = 4*g - 2, -31 = w - 5*g. Let h(a) = -2*a**3 - 12*a**2 - 2*a - 5. Determine h(w).
7
Let w(m) = 2*m + 7. Let r be 78/14 - 12/(-28). Suppose 3*z = -0*z - r. Let a be (-477)/99 - z/(-11). Give w(a).
-3
Let j(y) = -y**2 + 14*y - 5. Let f be j(14). Let d(i) be the third derivative of i**5/60 + i**4/8 - 7*i**3/6 - 7*i**2. What is d(f)?
3
Let k(f) be the third derivative of -5*f**2 - 1/6*f**3 + 0 - 1/8*f**4 + 0*f. Let x(q) = -q**2 + 9*q + 5. Let g be x(9). Determine k(g).
-16
Let v(w) = -w**2 + 4*w - 3. Let t = 836 + -836. Let g = 8 + -3. Suppose 0 = -g*o - t*o + 10. Calculate v(o).
1
Let n(a) = -16*a**3 + 3*a**2 - a - 1. Let q be n(1). Let b = q + 14. Let h(j) = -2*j**2 - 1. Give h(b).
-3
Let w(x) = x**3 + 11*x**2 + 12*x + 1. Suppose 2*a - 38 = 4*p, -30 = 3*p + 75*a - 78*a. Calculate w(p).
55
Let d(r) be the first derivative of -r**5/60 - r**4/4 + 4*r**3 - 3. Let h(v) be the third derivative of d(v). Determine h(-6).
6
Let z(c) = -20*c**2 + 19*c**2 - 4 + 25*c + 14*c - 35*c. Let v = 5 - 1. Give z(v).
-4
Let z(n) = 4*n - 3. Let o(c) = -c. Let r(b) = 5*o(b) + z(b). Let w be r(-4). Let k(a) = a - 2*a - 60 + 61 + 2*a**2. Determine k(w).
2
Let s(o) be the third derivative of -o**5/60 - 7*o**4/24 + 2*o**2. Let i be (1 - 2) + 1 + 37 + -2. Let g be ((-12)/(-5))/((-14)/i). Determine s(g).
6
Let u = -49 + 51. Let g(z) = -z**u - 60*z + 31*z + 17 - 1 + 30*z. Calculate g(0).
16
Let j(x) = -x + 3. Let f(c) = c**2 + 24*c - 45. Let v be 127/(-5) - 9/15. Let b be f(v). Give j(b).
-4
Let r(f) = 3 - 3*f + 3 - 1 - 9 - 2. Calculate r(0).
-6
Let v(q) = 34*q**2 + 5*q - 14. Let t(l) = -23*l**2 - 6*l + 13. Let d(c) = -3*t(c) - 2*v(c). Let f be ((-2)/1)/((-4)/(-18)). Calculate d(f).
-2
Let b(z) = -3*z. Let p be 1*(-2 - -1) + -2 + -7. Let v = p - -11. Give b(v).
-3
Suppose -3*q - 2*m = 24, -q + 5*m - 5 = -14. Let u(l) = -l**2 + 2*l**2 + 8*l - 2*l - 1. Calculate u(q).
-1
Let l(q) = 6*q**2 - q - 2. Let r(b) = 17*b**2 - 2*b - 5. Let t be -1 + 75/(-11) + (-4)/22. Let m(h) = t*l(h) + 3*r(h). Determine m(-1).
2
Suppose 4*j + 35 = -j. Let p(b) = -b**3 - 8*b**2 - 7*b - 6. Determine p(j).
-6
Let l(x) = x - 1 + 2 - 5 + 1. Let d(q) = -21*q - 13. Let j be d(-1). Calculate l(j).
5
Let m(a) = a + 11. Let b be m(-5). Let j(o) = -6*o - 8*o + 3 + o**2 + 8*o + 0*o + 3. Determine j(b).
6
Suppose 9 + 0 = -3*h. Let p(z) = -2*z**3 + 6*z**2 - 2*z + 1. Let x(d) = 3*d**3 + 23 + 3*d - 6*d**2 + 27 - 50. Let k(g) = h*x(g) - 4*p(g). Determine k(-6).
2
Let w(o) be the third derivative of 0*o - 1/3*o**3 - 18*o**2 + 0 + 1/30*o**5 - 1/120*o**6 - 1/24*o**4. Give w(2).
-4
Let u = -14 - -16. Suppose -4*o + 1 = 5*d, 0 = o + u*o + 3. Let b(y) = 14*y**3 - y. Determine b(d).
13
Let d(l) = 3*l - 1. Let k(u) = 25*u - 10. Let t(g) = 35*d(g) - 4*k(g). What is t(-2)?
-5
Let k(d) = -3*d**3 - 10*d**2 - 4*d - 12. Let r(g) = -16*g**3 - 51*g**2 - 21*g - 60. Let l(w) = 11*k(w) - 2*r(w). Determine l(-8).
4
Let h(m) = m**3 - 3*m**2 - 7*m - 6. Let q(r) = -r**3 + 2*r**2 + 6*r + 5. Let l(w) = -4*h(w) - 5*q(w). Let a = -21193 + 21191. Give l(a).
3
Let w(m) = 859*m - 858*m - 1 + 4. Determine w(-4).
-1
Let a be (8 - 162/21)*-14. Let q(g) = -g**2 + 5*g + 6. Calculate q(a).
-30
Let o(m) = -4*m - 2. Let x be (0/3)/1 + 6. Suppose 4*s - 8 = -2*d + x*d, 18 = -s - 4*d. Give o(s).
6
Suppose 0 = 6*s - 10*s + 24. Let a(h) = -4*h**2 - 4*h - h**2 + 0*h - h**3 - 1. Let p(k) = -k**3 - 4*k**2 - 3*k - 1. Let o(n) = s*p(n) - 5*a(n). What is o(2)?
-1
Let z(v) = v**2 + 6*v + 4. Let w be 10/45 - (-48)/27. Suppose 0*u - w*u - 12 = 0. Determine z(u).
4
Let c(f) = 3*f**2 - 15*f + 15. Let z be c(4). Let m(v) = -v**2 + 5*v - 4. What is m(z)?
2
Suppose g - 45 - 50 = -15*k, 0 = 5*g - 4*k - 1. Suppose 4*d - 4 = -5*v + v, 5*d - 5 = 4*v. Let n(i) = -5 + 0*i + d + 2*i. Give n(g).
6
Let x(p) = -p**3 - 6*p**2 - 11*p - 5. Suppose 23*j + 84 = 2*j. What is x(j)?
7
Let d(v) = -7*v**3 - 2*v**2 + v**3 - 7 + 7*v**3 + v**2 + 7*v**2 - v. Calculate d(-6).
-1
Suppose 3*d - 12 = -4*q + 3, -5*d = -3*q + 33. Let u(y) = 82 - 82 + q*y. What is u(-1)?
-6
Let h(s) be the third derivative of s**6/120 - s**5/15 + s**4/6 - 2*s**3/3 + s**2. Let c(x) = 3*x**2 + 3*x + 3. Let p be c(-4). Let v = -36 + p. What is h(v)?
-1
Suppose -5 = -r - o - 0*o, 5*r + 7 = 3*o. Let d be r/4 + 6/(-24). Let i(c) = -c - 9. Give i(d).
-9
Let g(p) = 7*p**2 + 8*p + 0*p**3 - p**3 - 2*p**2 - 8. Suppose 3*t + 15 = 12. Let j be 6*(t + (1 - -1)). Determine g(j).
4
Let t(b) be the third derivative of -1/24*b**4 + 4/3*b**3 + 0 + 0*b + 8*b**2. Let r = 11 - 6. Determine t(r).
3
Let b(y) = -7*y + 63. Let p(u) = -9*u + 73. Let j(h) = 5*b(h) - 4*p(h). What is j(-14)?
9
Let g(n) = -n**2 - 3*n + 3. Let d be ((5 - 8) + 4*1)*2. Let c be d + 1 + -11 + 3. Give g(c).
-7
Let i(h) = h - 7. Let l(j) = -3*j + 20. Let n = -8 - -11. Let q(p) = n*l(p) + 8*i(p). Give q(4).
0
Suppose 39 = -2*b + 5*b - 2*l, b - 13 = 5*l. Let d(c) = c**2 - 14*c. Determine d(b).
-13
Let y(u) be the second derivative of u**4/6 + u**3/3 + u**2/2 - u. Let f(s) = -s**2 - 4*s + 1. Let m be f(-4). Let j = m + 1. Give y(j).
13
Let r = -757 - -751. Let t(g) = -2*g - 15. Determine t(r).
-3
Let m(g) = 2*g**3 - 3*g**2 + g + 5. Let p(i) = -3*i**3 + 4*i**2 - i - 6. Let v(t) = 6*m(t) + 5*p(t). Determine v(-1).
4
Let v(n) be the first derivative of -n**3/3 - n**2/2 + 17. What is v(2)?
-6
Let h(g) be the third derivative of -1/12*g**4 + 0 + 1/3*g**3 + 0*g - 1/60*g**5 - 11*g**2. Let q(z) be the first derivative of h(z). Give q(3).
-8
Let l = 182 + -177. Let v(j) = -4*j - 3. Calculate v(l).
-23
Let z(j) = -j**3 + 11*j**2 - 18*j - 6. Let p be z(9). Let b(c) = c**2 + 4*c - 3. Determine b(p).
9
Let l = 0 + 5. Suppose l*w + 8 = -3*d - 13, -d - w = 5. Let s be d + 5 + -1 + 0. Let g(k) = -k**3 + k. Calculate g(s).
-6
Suppose 3*d = -3*c + 42, d + 0*d + 5*c = 34. Let y(a) = a**2 + a**3 + a - 3*a**2 + d - 10. Determine y(1).
-1
Let p(c) = -c**3 + 2 + 21*c**2 - 34*c - 30*c**2 + 26*c. Determine p(-8).
2
Let f(m) = -2111 + 7*m + 4220 - 2091 - m**2. Calculate f(10).
-12
Let n(w) = -30*w + 69. Let q(y) = -11*y + 23. Let f(k) = -4*n(k) + 11*q(k). Give f(-11).
-12
Let n(g) = -g**2 + 17*g - 31. Suppose 4*d - 56 = 2*w, -4*d + 3*d - 3*w + 21 = 0. What is n(d)?
-1
Let m(x) = -x**2 + 3*x - 1. Suppose 2*v - 28 = -o, 4*v - o - 44 = -0*v. Suppose -w = -4*w + v. What is m(w)?
-5
Let j(v) = 5*v**2 - 3*v + 11. Let q be j(5). Let f = 118 - q. Let d(z) be the third derivative of -z**5/60 - z**4/4 - z**3/6 - z**2. Determine d(f).
8
Let j(x) = 9*x - 135. Let w be j(15). Let k(n) = -n**3 + 22. Give k(w).
22
Let k be ((-2)/5)/(0 - 4/20). Let u(r) = 6*r - 4*r**3 + 13 + 3*r**3 - 19 + 3*r**k. Let b = -11 - -15. Determine u(b).
2
Let o(p) be the second derivative of p**3/6 + 5*p**2/2 - 46*p - 3. Calculate o(-5).
0
Let h(n) = 4*n - 3. Let u(v) be the third derivative of v**4/8 - 5*v**3/3 + 5*v**2 + 3*v. Let a be u(4). Give h(a).
5
Let h be (3 + (-52)/20)/((-36)/540). Let u(o) = -o - 1. Calculate u(h).
5
Let x = 143 + -135. Let h(p) = -p**3 + 8*p**2 - 3*p + 6. What is h(x)?
-18
Let a be -5*(-8)/(-6)*75/(-125). Let c(w) = 5*w - 1. Give c(a).
19
Suppose 50 = 2*m + 3*m. Suppose 0*d = -5*d - m. Let c(j) = 6*j + 3*j - 89 + 167 - 80 - 5*j. What is c(d)?
-10
Let j(x) = x + 13. Let z(u) = -3